{"id":9231,"date":"2021-06-14T12:37:54","date_gmt":"2021-06-14T10:37:54","guid":{"rendered":"https:\/\/hartz4-hindernislauf-eu.free.de\/?page_id=9231"},"modified":"2021-06-14T12:38:02","modified_gmt":"2021-06-14T10:38:02","slug":"wichtige-beratungsstellen-und-fundstellen","status":"publish","type":"page","link":"https:\/\/hartz4-hindernislauf-eu.free.de\/?page_id=9231","title":{"rendered":"Wichtige Beratungsstellen und Fundstellen"},"content":{"rendered":"\n<div class=\"wp-block-docxpresso-cut-paste-plugin\"><style>\n.docxpressoPlugin {\n\tfont-size: 83.35%;\n}\n\n.h5p_layout {\n    box-sizing: content-box !important;\n}\n\n.h5p_layout *{\n    float: none;\n    text-align: initial;\n\tbox-sizing: border-box;\n}\n\/*to make sure that floating elements are always inside the document bounds*\/\n.h5p_layout:after {\n    content: \" \";\n    display: block;\n    height: 0;\n    clear: both;\n    visibility: hidden;\n}\n\/* a default layout for documents without maste styles *\/\n.h5p_default_layout {\n    margin-top: 3.6rem;\n    margin-left: 8.50464rem;\n    margin-bottom: 3.6rem;\n    margin-right: 8.50464rem;\n    writing-mode: lr-tb;\n}\n\/*hack for IE *\/\nwbr:after { content: \"\\00200B\"; }\n\n\/*hack to get some extra top margin for anchors if needed*\/\n.h5p_layout span[id^=\"_Toc\"]{\n    padding-top: 10px;\n    margin-top: -10px;\n}\n\n\/* Remove unwanted numbering styles *\/\n.h5p_layout .removeNumbering:before{\n    content: initial !important;\n    display: none;\n    all: initial !important;\n}\n\n\/* give zero default top and bottom paddings for paragraphs*\/\n.h5p_layout p {\n    color: #000000;\n    line-height: 1;\n    margin-top: 0;\n    margin-bottom: 0;\n}\n.h5p_layout span {\n    color: #000000;\n    font-weight: normal;\n}\n.h5p_layout span.dropcap {\n    color: inherit;\n    font-family: inherit !important;\n}\n.h5p_layout h1, .h5p_layout h2, .h5p_layout h3, .h5p_layout h4, .h5p_layout h5, .h5p_layout h6 {\n    margin-top: 0;\n    margin-bottom: 0;    \n\tfont-family: inherit;\n    font-weight: 500;\n    line-height: 1;\n    color: inherit;\n}\n\/* give zero default top and bottom paddings for paragraphs in tables*\/\n.h5p_layout table p {\n    margin-top: 0;\n    margin-bottom: 0;\n}\n\n.h5p_layout ul, .h5p_layout ol {\n\tlist-style-type: none;\n    margin-top: 0;\n    margin-bottom: 0.5em;\n    padding-left: 0;\n}\n\n.h5p_layout ul li, .h5p_layout ol li {\n    list-style-type: none;\n    margin-top: 0;\n    margin-bottom: 0.5em;\n    \n}\n.h5p_layout li p {\n    margin-top: 0;\n    margin-bottom: 0;\n}\n.h5p_layout table {\n    border: none;\n}\n.h5p_layout td {\n    vertical-align: top;\n    border: none;\n}\n.h5p_layout th {\n    vertical-align: top;\n    border: none;\n}\n.h5p_layout div {\n    margin-bottom: 10pt;\n}\n\n.h5p_layout img {\n    margin: 0;\n    padding: 0;\n}\n\n.h5p_layout ul ul {\n    margin-top: 0;\n    margin-bottom: 0;\n}\n\n.h5p_layout li {\n    margin-top: 0;\n    margin-bottom: 0;\n    list-style-type: none !important;\n}\n\n.h5p_layout ul, .h5p_layout ol {\n    list-style-type: none !important;\n}\n\n.h5p_layout td[data-sorting] p:before, .h5p_layout th[data-sorting] p:before {\n    content: ' ';\n    padding-right: 16px;\n    background: url(data:image\/png;base64,iVBORw0KGgoAAAANSUhEUgAAAAsAAAALAQMAAACTYuVlAAAAA3NCSVQICAjb4U\/gAAAABlBMVEUjLTD\/\/\/\/tm\/tRAAAACXBIWXMAAAsSAAALEgHS3X78AAAAFnRFWHRDcmVhdGlvbiBUaW1lADAyLzEwLzE2RFpLjQAAACB0RVh0U29mdHdhcmUATWFjcm9tZWRpYSBGaXJld29ya3MgTVi7kSokAAAAI0lEQVR4nGP4\/4Dh9wOGjw8YHjxgOJDA8B9MPgCLAMX\/PwAANZUStiyS6NsAAAAASUVORK5CYII=);\n    background-position: left center;\n    background-repeat: no-repeat;\n}\n\n.sortDecorator {\n    border-bottom: 3px solid #b70000 !important;\n}\n\n\/* This is a spacial class designed to remove unwanted bullets when a li has\nul as its first child*\/\n.h5p_layout .removeBullet:before {\n    content: none !important;\n}\n\n\/*responsive tables*\/\n.h5p_layout div.dxoResponsiveTable{\n    margin: 0 !important;\n    padding: 0 !important;\n    overflow-x: auto !important;\n\toverflow-y: hidden;\n}\n\n\/* chart tooltips *\/\n.c3-tooltip-container td.name {\n    white-space: nowrap;\n}\n\n\/* External services*\/\n.h5p_layout iframe {\n    resize: vertical;\n    border: 1px solid #fff;\n}\n\n.h5p_layout div.youtube {\n    position:relative;\n    padding-bottom:56.25%;\n    height:0;\n    overflow:hidden;\n    background-color: transparent;\n}\n\n.h5p_layout div.youtube iframe {\n    resize: none;\n    position:absolute;\n    top:0;\n    left:0;\n    width:100%;\n    height:100%;\n}\n\n\n div#h5p_6a080ae2e3a26 p.P1 {font-size: 12pt;}\n div#h5p_6a080ae2e3a26 p.P1 span {font-family: Arial;font-size: 12pt;}\n div#h5p_6a080ae2e3a26 p.P2 {font-size: 12pt;}\n div#h5p_6a080ae2e3a26 p.P2 span {font-family: Arial;font-weight: bold;font-size: 12pt;}\n div#h5p_6a080ae2e3a26 p.P3 {font-size: 12pt;}\n div#h5p_6a080ae2e3a26 p.P4 {font-size: 12pt;}\n div#h5p_6a080ae2e3a26 p.P4 span {font-family: Arial;font-size: 12pt;}\n div#h5p_6a080ae2e3a26 p.P5 {font-size: 12pt;}\n div#h5p_6a080ae2e3a26 p.P5 span {font-family: Arial;font-size: 12pt;}\n div#h5p_6a080ae2e3a26 p.P6 {font-size: 12pt;}\n div#h5p_6a080ae2e3a26 p.P6 span {font-family: Arial;font-size: 10pt;}\n div#h5p_6a080ae2e3a26 span.T1 {font-family: Arial !important;font-size: 12pt;}\n div#h5p_6a080ae2e3a26 span.T2 {font-weight: bold !important;font-size: 12pt;}\n div#h5p_6a080ae2e3a26 ul.L1 {margin-left: 0;padding: 0; list-style-type: none;font-size: 12pt;}\n div#h5p_6a080ae2e3a26 ul.L1 ul {margin-left: -1.27cm;padding: 0; list-style-type: none;font-size: 12pt;}\n div#h5p_6a080ae2e3a26 ul.L1 li {margin-left: 1.27cm;text-indent: -0.635cm;font-size: 12pt;}\n div#h5p_6a080ae2e3a26 ul.L1 li:before {font-family: OpenSymbol !important;content: \"\\2022\";counter-increment: ulL1_1;margin-left: -0.635cm;display: table-cell;}\n div#h5p_6a080ae2e3a26 ul.L1 ul ul {margin-left: -1.905cm;padding: 0; list-style-type: none;font-size: 12pt;}\n div#h5p_6a080ae2e3a26 ul.L1 li ul li {margin-left: 1.905cm;text-indent: -0.635cm;font-size: 12pt;}\n div#h5p_6a080ae2e3a26 ul.L1 li ul li:before {font-family: OpenSymbol !important;content: \"\\25e6\";counter-increment: ulL1_2;margin-left: -0.635cm;display: table-cell;}\n div#h5p_6a080ae2e3a26 ul.L1 ul ul ul {margin-left: -2.54cm;padding: 0; list-style-type: none;font-size: 12pt;}\n div#h5p_6a080ae2e3a26 ul.L1 li ul li ul li {margin-left: 2.54cm;text-indent: -0.635cm;font-size: 12pt;}\n div#h5p_6a080ae2e3a26 ul.L1 li ul li ul li:before {font-family: OpenSymbol !important;content: \"\\25aa\";counter-increment: ulL1_3;margin-left: -0.635cm;display: table-cell;}\n div#h5p_6a080ae2e3a26 ul.L1 ul ul ul ul {margin-left: -3.175cm;padding: 0; list-style-type: none;font-size: 12pt;}\n div#h5p_6a080ae2e3a26 ul.L1 li ul li ul li ul li {margin-left: 3.175cm;text-indent: -0.635cm;font-size: 12pt;}\n div#h5p_6a080ae2e3a26 ul.L1 li ul li ul li ul li:before {font-family: OpenSymbol !important;content: \"\\2022\";counter-increment: ulL1_4;margin-left: -0.635cm;display: table-cell;}\n div#h5p_6a080ae2e3a26 ul.L1 ul ul ul ul ul {margin-left: -3.81cm;padding: 0; list-style-type: none;font-size: 12pt;}\n div#h5p_6a080ae2e3a26 ul.L1 li ul li ul li ul li ul li {margin-left: 3.81cm;text-indent: -0.635cm;font-size: 12pt;}\n div#h5p_6a080ae2e3a26 ul.L1 li ul li ul li ul li ul li:before {font-family: OpenSymbol !important;content: \"\\25e6\";counter-increment: ulL1_5;margin-left: -0.635cm;display: table-cell;}\n div#h5p_6a080ae2e3a26 ul.L1 ul ul ul ul ul ul {margin-left: -4.445cm;padding: 0; list-style-type: none;font-size: 12pt;}\n div#h5p_6a080ae2e3a26 ul.L1 li ul li ul li ul li ul li ul li {margin-left: 4.445cm;text-indent: -0.635cm;font-size: 12pt;}\n div#h5p_6a080ae2e3a26 ul.L1 li ul li ul li ul li ul li ul li:before {font-family: OpenSymbol !important;content: \"\\25aa\";counter-increment: ulL1_6;margin-left: -0.635cm;display: table-cell;}\n div#h5p_6a080ae2e3a26 ul.L1 ul ul ul ul ul ul ul {margin-left: -5.08cm;padding: 0; list-style-type: none;font-size: 12pt;}\n div#h5p_6a080ae2e3a26 ul.L1 li ul li ul li ul li ul li ul li ul li {margin-left: 5.08cm;text-indent: -0.635cm;font-size: 12pt;}\n div#h5p_6a080ae2e3a26 ul.L1 li ul li ul li ul li ul li ul li ul li:before {font-family: OpenSymbol !important;content: \"\\2022\";counter-increment: ulL1_7;margin-left: -0.635cm;display: table-cell;}\n div#h5p_6a080ae2e3a26 ul.L1 ul ul ul ul ul ul ul ul {margin-left: -5.715cm;padding: 0; list-style-type: none;font-size: 12pt;}\n div#h5p_6a080ae2e3a26 ul.L1 li ul li ul li ul li ul li ul li ul li ul li {margin-left: 5.715cm;text-indent: -0.635cm;font-size: 12pt;}\n div#h5p_6a080ae2e3a26 ul.L1 li ul li ul li ul li ul li ul li ul li ul li:before {font-family: OpenSymbol !important;content: \"\\25e6\";counter-increment: ulL1_8;margin-left: -0.635cm;display: table-cell;}\n div#h5p_6a080ae2e3a26 ul.L1 ul ul ul ul ul ul ul ul ul {margin-left: -6.35cm;padding: 0; list-style-type: none;font-size: 12pt;}\n div#h5p_6a080ae2e3a26 ul.L1 li ul li ul li ul li ul li ul li ul li ul li ul li {margin-left: 6.35cm;text-indent: -0.635cm;font-size: 12pt;}\n div#h5p_6a080ae2e3a26 ul.L1 li ul li ul li ul li ul li ul li ul li ul li ul li:before {font-family: OpenSymbol !important;content: \"\\25aa\";counter-increment: ulL1_9;margin-left: -0.635cm;display: table-cell;}\n div#h5p_6a080ae2e3a26 ul.L1 ul ul ul ul ul ul ul ul ul ul {margin-left: -6.985cm;padding: 0; list-style-type: none;font-size: 12pt;}\n div#h5p_6a080ae2e3a26 ul.L1 li ul li ul li ul li ul li ul li ul li ul li ul li ul li {margin-left: 6.985cm;text-indent: -0.635cm;font-size: 12pt;}\n div#h5p_6a080ae2e3a26 ul.L1 li ul li ul li ul li ul li ul li ul li ul li ul li ul li:before {font-family: OpenSymbol !important;content: \"\\2022\";counter-increment: ulL1_10;margin-left: -0.635cm;display: table-cell;}\n div#h5p_6a080ae2e3a26 p.Standard {font-size: 12pt;}\n div#h5p_6a080ae2e3a26 p.Heading {margin-top: 0.423cm !important;margin-bottom: 0.212cm !important;keep-with-next: always !important;font-size: 12pt;}\n div#h5p_6a080ae2e3a26 p.Heading span {font-family: Arial;font-size: 14pt;}\n div#h5p_6a080ae2e3a26 p.Text_20_body {margin-top: 0cm !important;margin-bottom: 0.212cm !important;font-size: 12pt;}\n div#h5p_6a080ae2e3a26 p.List {margin-top: 0cm !important;margin-bottom: 0.212cm !important;font-size: 12pt;}\n div#h5p_6a080ae2e3a26 p.List span {font-size: 12pt;}\n div#h5p_6a080ae2e3a26 p.Caption {margin-top: 0.212cm !important;margin-bottom: 0.212cm !important;font-size: 12pt;}\n div#h5p_6a080ae2e3a26 p.Caption span {font-size: 12pt;font-style: italic;}\n div#h5p_6a080ae2e3a26 p.Index {font-size: 12pt;}\n div#h5p_6a080ae2e3a26 p.Index span {font-size: 12pt;}\n div#h5p_6a080ae2e3a26 span.Internet_20_link {color: #000080 !important;language: zxx !important;country: none !important;text-decoration: underline !important;text-decoration-style: solid !important;text-decoration-color: font-color !important;font-size: 12pt;}\n div#h5p_6a080ae2e3a26 span.Visited_20_Internet_20_Link {color: #800000 !important;language: zxx !important;country: none !important;text-decoration: underline !important;text-decoration-style: solid !important;text-decoration-color: font-color !important;font-size: 12pt;}\n div#h5p_6a080ae2e3a26 span.Bullet_20_Symbols {font-family: OpenSymbol !important;font-size: 12pt;}\n div#h5p_6a080ae2e3a26 div {font-size: 12pt;}\n div#h5p_6a080ae2e3a26 p {hyphenation-ladder-count: no-limit;writing-mode: page;font-size: 12pt;}\n div#h5p_6a080ae2e3a26 p span {font-family: Times New Roman;font-size: 12pt;language: de;country: DE;hyphenate: false;hyphenation-remain-char-count: 2;hyphenation-push-char-count: 2;}\n div#h5p_6a080ae2e3a26 table {border-collapse: collapse;font-size: 12pt;}\n div#h5p_6a080ae2e3a26 table tr {keep-together: auto;font-size: 12pt;}\n\n<\/style>\n<div id=\"h5p_6a080ae2e3a26\"><section id=\"section_0\" class=\"h5p_layout h5p_page h5p_page_Mpm1\"><div class=\"Mpm1\"><p class=\"P2\"><span>Wichtige Beratungsstellen und Fundstellen<\/span><\/p><p class=\"P1\">&nbsp;<\/p><p class=\"P1\">&nbsp;<\/p><p class=\"P1\"><span>Einige wichtige <\/span><span class=\"T2\">Beratungsstellen<\/span><span> f\u00fcr arbeitssuchende Unionsb\u00fcrger und ihre Familien\u00adangeh\u00f6rigen, insbesondere in Hinblick auf ihre aufenthalts- und sozialrechtliche Situation:<\/span><\/p><p class=\"P1\">&nbsp;<\/p><ul class=\"L1\" id=\"list3038314187595448868\" style=\"counter-reset: ulL1_1 0;\"><li style=\"color: initial; font-family: initial;\"><p style=\"display: table-cell;margin-left:0 !important;text-indent: 0 !important;\" class=\"P3\"><span class=\"T1\">die Beratungsstellen des DGB-Projekts \u201eFaire Mobilit\u00e4t\u201c - Beratungsstandorte, \u00d6ffnungszeiten etc. unter <\/span><a href=\"https:\/\/www.faire-mobilitaet.de\/\" target=\"\" title=\"\"><span class=\"T1\">https:\/\/www.faire-mobilitaet.de<\/span><\/a><\/p><p class=\"P5\">&nbsp;<\/p><\/li><li style=\"color: initial; font-family: initial;\"><p style=\"display: table-cell;margin-left:0 !important;text-indent: 0 !important;\" class=\"P3\"><span class=\"T1\">die \u00fcberwiegend von Wohlfahrtsverb\u00e4nden getragenen Migrationsberatungsstellen f\u00fcr erwachsene Zuwanderer (MBE) \u2013 Kontaktdaten \u00fcber die Website <\/span><a href=\"https:\/\/bamf-navi.bamf.de\/de\/Themen\/Migrationsberatung\/\" target=\"\" title=\"\"><span class=\"T1\">BAMF-NAvI - Migrationsberatung<\/span><\/a><span class=\"T1\"> <\/span><\/p><p class=\"P5\">&nbsp;<\/p><\/li><li style=\"color: initial; font-family: initial;font-family: Arial;\"><p style=\"display: table-cell;margin-left:0 !important;text-indent: 0 !important;\" class=\"P5\"><span>zahllose, meist ehrenamtlich t\u00e4tige lokale und \u00fcberregionale Menschenrechts- und Fl\u00fcchtlings\u00adorganisationen<\/span><\/p><p class=\"P5\">&nbsp;<\/p><\/li><\/ul><p class=\"P1\"><span>Eine sehr ausf\u00fchrliche Zusammenstellung von <\/span><span class=\"T2\">Gerichtsurteilen<\/span><span> zum Aufenthalts- und Sozialrecht findet man auf der Seite des Berliner Fl\u00fcchtlingsrats: <\/span><a href=\"http:\/\/www.fluechtlingsrat-berlin.de\/gesetzgebung.php#Re\" target=\"\" title=\"\"><span>www.fluechtlingsrat-berlin.de\/gesetzgebung.php#Re<\/span><\/a><\/p><p class=\"P1\">&nbsp;<\/p><p class=\"P1\"><span>Die GGUA Fl\u00fcchtlingshilfe in M\u00fcnster bietet eine laufend aktualisierte Zusammenstellung der <\/span><span class=\"T2\">sozialgerichtlichen Rechtsprechung<\/span><span> seit Januar 2017 zum Anspruch auf Sozial\u00adleistungen an, zu finden unter der Webadresse <\/span><a href=\"http:\/\/www.einwanderer.net\/fileadmin\/downloads\/unionsbuergerInnen\/rechtsorechung_Unionsbuerger.pdf\" target=\"\" title=\"\"><span>www.einwanderer.net\/fileadmin\/downloads\/unionsbuergerInnen\/rechtsorechung_Unionsbuerger.pdf<\/span><\/a><\/p><p class=\"P1\">&nbsp;<\/p><p class=\"P1\"><span>Der Parit\u00e4tische hat unter dem Titel \u201eAusgeschlossen oder privilegiert?\u201ceine gute <\/span><span class=\"T2\">Gesamt\u00addarstellung<\/span><span> zur aufenthalts- und sozialrechtlichen Situation von Unionsb\u00fcrgern und ihren Familienangeh\u00f6rigen in Form einer 60-seitigen Brosch\u00fcre ver\u00f6ffentlicht, mit zahlreichen weiteren <\/span><span class=\"T2\">Tipps<\/span><span> aus und f\u00fcr die Praxis<\/span><br\/><span>im Internet <\/span><a href=\"http:\/\/www.der-paritaetische.de\/fileadmin\/user_upload\/Publikationen\/doc\/2017-11-13_broschuere_A4_unionsbuerger_auflage3_web.pdf\" target=\"\" title=\"\"><span>www.der-paritaetische.de\/fileadmin\/user_upload\/Publikationen\/doc\/2017-11-13_broschuere_A4_unionsbuerger_auflage3_web.pdf<\/span><\/a><\/p><p class=\"P1\">&nbsp;<\/p><p class=\"P1\">&nbsp;<\/p><p class=\"P6\"><span>(zusammengestellt vom Sozialforum Dortmund)<\/span><\/p><\/div><\/section><script>(function( $ ) {\n    \/\/footnotes\n    $('.defaultNote').children(\":first\").css('cursor', 'pointer');\n    $('.defaultNote').children(\":first\").click(function(){\n        var gotoID = '#' + $(this).parent().attr('id');\n        $('html, body').animate(\n            {\n              scrollTop: $('a[href=\"' + gotoID + '\"]').offset().top - 60,\n            },\n            250,\n            'linear'\n          )\n    });\n}(jQuery));\n\n\n<\/script><script>\nvar numFormat = \",.\";\n(function( $ ) {\n    \"use strict\";\n    \/\/do some cleaning on load\n    var sortCells = $('td[data-sorting], th[data-sorting]');\n    sortCells.each(function(){\n        var first = $(this).text().trim().charAt(0);\n        if (first == '@'){\n            var oldHTML = $(this).html();\n            var newHTML = oldHTML.replace('@', '');\n            $(this).html(newHTML);\n        } \n    });\n    function sortingTable(node, pos, ordBy){\n        var rows = node.children('tbody').children('tr').get();\n\n        rows.sort(function(a, b) {\n\n        var X = $(a).children('td').eq(pos).text().toUpperCase();\n        var Y = $(b).children('td').eq(pos).text().toUpperCase();\n        \n        if (numFormat != '.,'){\n            \/\/we are dealing with a different locale and we need to do some \n            \/\/transformation in numbers\n            X = convert2number(X);\n            Y = convert2number(Y);\n        } else {\n            X = X.replace(\/,\/g, '').replace(\/ \/g, '');\n            Y = Y.replace(\/,\/g, '').replace(\/ \/g, '');\n        }\n        var currencies = ['$', '\u00a5', '\u00a3', '\u20ac'];\n        var arrayLength = currencies.length;\n        var XX = X;\n        var YY = Y;\n        for (var i = 0; i < arrayLength; i++) {\n            XX = XX.replace(currencies[i], '');\n            YY = YY.replace(currencies[i], '');\n        }\n        if (!isNaN(XX) && !isNaN(YY)){\n            var floatXX = parseFloat(XX);\n            var floatYY = parseFloat(YY);\n            return -(floatYY-floatXX) * ordBy;\n        } else if (!isNaN(XX) && isNaN(YY)){\n            return -1 * ordBy;\n        } else if (isNaN(XX) && !isNaN(YY)){\n            return ordBy;\n        } else {\n            if(X < Y) {\n                return -1 * ordBy;\n            }\n            if(X > Y) {\n                return 1 * ordBy;\n            }\n            return 0;\n        }\n      });\n\n      $.each(rows, function(index, row) {\n        node.children('tbody').append(row);\n      });\n    }\n    \n    function removeTableCellDecoration() {\n        $(\"td[data-sorting], th[data-sorting]\").removeClass('sortDecorator');    \n    }\n    \n    \/\/unbind the click event just in case we are loading more than one document\n    $(\"td[data-sorting], th[data-sorting]\").off('click');\n    $(\"td[data-sorting], th[data-sorting]\").click(function(){\n        removeTableCellDecoration();\n        $(this).addClass('sortDecorator');\n        \/\/get desired ordering\n        var ordering = $(this).attr('data-sortOrdering');\n        if (ordering == 'ASC'){\n            var ordBy = -1;\n            $(this).attr('data-sortOrdering', 'DESC');\n        } else {\n            var ordBy = 1;\n            $(this).attr('data-sortOrdering', 'ASC');\n        }\n        var cellPosition = $(this).prevAll().length;\n        var table = $(this).parents('table:first');\n        sortingTable(table, cellPosition, ordBy);\n    });  \n    \n    function convert2number(str) {\n        str = str.trim();\n        if (str.match(\/^\\d+\/)) {\n            \/\/we have to take special care when the thousand separators are '.'\n            var result_0 = str.replace(\/\\.\/g, '_@_');\n            var result_1 = result_0.replace(window.numFormat[0], '.');\n            var result = result_1.replace(\/_@_\/g, '');\n            result .replace(\/ \/g, '');\n            return result;\n        } else {\n            return str;\n        }\n        \n    }\n    \n}(jQuery));\n\n\n<\/script><\/div><\/div>\n","protected":false},"excerpt":{"rendered":"","protected":false},"author":2,"featured_media":0,"parent":0,"menu_order":0,"comment_status":"closed","ping_status":"closed","template":"","meta":{"footnotes":""},"_links":{"self":[{"href":"https:\/\/hartz4-hindernislauf-eu.free.de\/index.php?rest_route=\/wp\/v2\/pages\/9231"}],"collection":[{"href":"https:\/\/hartz4-hindernislauf-eu.free.de\/index.php?rest_route=\/wp\/v2\/pages"}],"about":[{"href":"https:\/\/hartz4-hindernislauf-eu.free.de\/index.php?rest_route=\/wp\/v2\/types\/page"}],"author":[{"embeddable":true,"href":"https:\/\/hartz4-hindernislauf-eu.free.de\/index.php?rest_route=\/wp\/v2\/users\/2"}],"replies":[{"embeddable":true,"href":"https:\/\/hartz4-hindernislauf-eu.free.de\/index.php?rest_route=%2Fwp%2Fv2%2Fcomments&post=9231"}],"version-history":[{"count":1,"href":"https:\/\/hartz4-hindernislauf-eu.free.de\/index.php?rest_route=\/wp\/v2\/pages\/9231\/revisions"}],"predecessor-version":[{"id":9232,"href":"https:\/\/hartz4-hindernislauf-eu.free.de\/index.php?rest_route=\/wp\/v2\/pages\/9231\/revisions\/9232"}],"wp:attachment":[{"href":"https:\/\/hartz4-hindernislauf-eu.free.de\/index.php?rest_route=%2Fwp%2Fv2%2Fmedia&parent=9231"}],"curies":[{"name":"wp","href":"https:\/\/api.w.org\/{rel}","templated":true}]}}